. Give h(-5).
0
Let s = 41 - 47. Let g(h) = 0*h**2 - 1 + h + h**2 + 5*h. Give g(s).
-1
Suppose 16 = z + 3*z. Let t(m) = -5*m**3 - 2*m + 0*m + z*m**3 - 5*m**2 + m - 4. Calculate t(-5).
1
Let v(b) = b**3 + 4*b**2 - 6*b. Suppose -u = 2*o - 3, -3*u + 0*o + 4*o = 31. Determine v(u).
5
Let o be 7 - 6/9*3. Let y(c) = -1 + o*c + 2 + 0 + c**2 - 2*c. Calculate y(-2).
-1
Let j = -6 - -5. Let k(m) = -m - 6*m + 5*m. Give k(j).
2
Let i(o) = 2*o**2 + 2 + 7*o + 2*o - 8*o - o**3. Let x = -6 + 9. Let j = 6 - x. Determine i(j).
-4
Suppose 4*p - 3*a + 21 = 3, 0 = -4*p + 2*a - 16. Let f(s) = s**2 - 3. Calculate f(p).
6
Let v(a) be the first derivative of 2 - 10*a - 1/3*a**3 - 1/2*a**2. Give v(0).
-10
Let n be (-5)/(-2) - (-7)/14. Let k(z) = 2 + n*z**2 + 3*z - 3 + 2 + 1. Determine k(-2).
8
Let k be 21/6 - 1/(-2). Let h be (-20)/(-8) + 2/4. Let u(t) = -1 + t**h - 2*t**3 + 4*t + 3*t**2 + 2*t. What is u(k)?
7
Let r(j) = -j**3 - 5*j**2 - 2*j - 5. Let s be (-235)/45*1 - 4/(-18). Give r(s).
5
Let q(g) = g + 1. Let l(j) = j**2 + 8*j + 7. Let s be l(-7). Suppose -4*m = -s + 8. Let r = m - -5. Give q(r).
4
Let t(p) be the first derivative of -7 - 11 - p**2 + 19. Give t(1).
-2
Let k(f) = -7*f**2 + 1. Let h = 5 - 7. Let d be ((-3)/h)/(9/120). Let g be (10/d)/((-2)/(-4)). Calculate k(g).
-6
Let z(h) = h + 4. Let i be z(-10). Let u(s) = -s**2 - 9*s - 9. What is u(i)?
9
Let w(n) = n - 7. Let j = 4 - 2. Suppose 2*h + j*h = 0. Determine w(h).
-7
Let j(c) = 1 + 2*c**2 + 0*c**2 - 3*c**2. Let z(a) be the third derivative of -a**6/120 + a**5/12 - a**4/4 + a**3 + a**2. Let l be z(4). Determine j(l).
-3
Suppose -m = 3*x - 0 + 4, -4*m = -2*x + 2. Let l(g) = 6*g. Determine l(m).
-6
Let o(z) = -z - 3. Let t(a) = -a - 3. Suppose 4 = -m - 0*m. Let j(p) = m*o(p) + 6*t(p). Calculate j(-4).
2
Suppose 7 = 4*t - 9. Let a(h) = 9*h + t - 15*h - 3*h**2 + 2*h**2. Suppose -l = -0*l + 2*d + 8, 5*d = 5*l + 25. Determine a(l).
4
Let o(d) = -d - 2. Let r be (-4 + 2)/((-4)/14). Suppose 0 = 3*p - r*p - 20. Calculate o(p).
3
Let l = -28 + 26. Let k(n) = n**3 + 3*n**2 + n. What is k(l)?
2
Suppose -7*w + 18 - 60 = 0. Let q(b) = -b**3 - 5*b**2 + 3*b - 8. Calculate q(w).
10
Let u(v) = 2*v. Let n(b) = 4*b + 1. Let a(d) = -6*n(d) + 10*u(d). Suppose -2*x + 6*x + 20 = 2*i, 4*x - i + 20 = 0. Determine a(x).
14
Let y(p) = p**3 - 3*p**2 - 4*p + 6. Let d = -1 - -4. Let f be 1*-1 - (d + -2). Let w = 2 - f. Calculate y(w).
6
Suppose 8*a + 20 = 3*a. Let y(s) = s**3 + 5*s**2 - 2*s - 4. Give y(a).
20
Let c(a) = a. Suppose -16 = 2*z + x, -3*z = 5*x + 49 - 11. Let l be c(z). Let o(j) = j**2 + 6*j - 5. Calculate o(l).
-5
Let k(z) = -z**2 - 9*z + 2. Let g(p) = -14*p + 7. Let j be g(1). Calculate k(j).
16
Let a(v) = v**2 - v - 1. Suppose -4*j + 147 - 53 = -3*x, j + 2*x - 29 = 0. Suppose h + 4*i + 20 = 0, h + 2*i + j = -3*i. What is a(h)?
-1
Let b(t) = -1 - t - t**2 + 2*t**2 - 2*t**2 - t. Calculate b(-4).
-9
Let p(h) = -7*h**2 + 6*h - 2. Let r(k) = k**2. Let a(u) = p(u) + 6*r(u). Give a(6).
-2
Let z(b) = -1 + 4 + 2 - 2 + b. What is z(6)?
9
Suppose 2*r = 4*n + 26, 4*n = 5*r + 5*n - 21. Let i(b) be the third derivative of 0 - 1/24*b**4 + 0*b**3 + 0*b + 3*b**2. Calculate i(r).
-5
Let u(m) = 2 - 2*m - m**2 - m**2 + 0 + 0*m**2. Determine u(-2).
-2
Let z = -3 - -4. Suppose 7*c = 2*c + 5*d + 20, 0 = -2*c - d - 1. Let k(l) = -7*l + 0 - 5*l + c. Determine k(z).
-11
Let r(m) = -2*m + 3*m**2 - 4*m**2 + 4*m**2 - 3 - 2*m**2. Let u be r(4). Let f(s) = 2*s - 2. Calculate f(u).
8
Let d(a) be the first derivative of -4*a**3/3 - 3*a**2/2 + 33. What is d(-2)?
-10
Let q(o) = 6*o + 3. Let s be (-1)/(-3) + 7/(-3). Let f = 7 + -40. Let m be f/15 - s/10. Determine q(m).
-9
Let l(f) be the second derivative of f**4/12 + f**3/6 - f. Let q(g) = g**3 + 6*g**2 - 7*g + 1. Let n be q(-7). Let i be (-3 - -2) + 2 + n. Give l(i).
6
Let o(g) = -g**2 + 4*g - 14. Let r(w) = 3*w**2 - 11*w + 41. Let u(s) = -8*o(s) - 3*r(s). Calculate u(0).
-11
Let p(s) = s + 7. Let t be p(-6). Let r = t + -2. Let v(q) be the third derivative of -q**6/40 + q**3/6 + q**2. What is v(r)?
4
Let z(b) = -b**3 - 11 - 10*b**2 + 0*b - 3*b - 7*b. Give z(-9).
-2
Let r be -2*-2*4/8. Let k(x) = -2*x + 1. Determine k(r).
-3
Let d(w) = 4*w**2 - 3 + 4 - 6*w**2. Suppose 19 = 3*y + 5*j, -2*j + 1 = -y - 0*j. Suppose 5*h - 2*x - 6 = -y*x, 3 = 2*h + x. Calculate d(h).
-1
Suppose 3*r - 2 = 5*p - r, r = -3*p - 8. Let s(g) = 3*g**3 - 2*g**2. Determine s(p).
-32
Let o(g) be the third derivative of 7*g**4/24 - g**2. Let y be o(2). Let q = y + -9. Let i(a) = a**3 - 5*a**2 + 2*a - 5. Calculate i(q).
5
Suppose 0*b - 4*b = 8. Let x(p) = 7*p + 3. Let j(k) = -k. Let q(w) = 3*j(w) + x(w). What is q(b)?
-5
Let t be ((-12)/(-10))/((-3)/10). Let b(x) = -4*x**2 - 11*x + 4*x**2 - 3 - x**2 + 5*x. Determine b(t).
5
Let l(y) = -y**3 + 11*y**2 - 10*y + 1. Let c be l(10). Let x be ((-5)/(-10))/(c/4). Let f(k) = -k**2 + 4*k - 3. Give f(x).
1
Let c(a) = -a**3 + 2*a**2 - 2*a - 2. Let y be (-12)/54 - (-94)/18. Let i(n) = -2*n + 12. Let f be i(y). Calculate c(f).
-6
Let c be 2/2*(-3)/3. Let h(n) = -9*n + 1 + n + 10*n. Calculate h(c).
-1
Let c(l) be the first derivative of -8*l**3/3 - l**2/2 - l - 4. Determine c(-1).
-8
Let v(b) = -b**2 + 3*b + 3. Let m be v(3). Suppose 0*x - m*x + 30 = 0. Let l = -6 + x. Let n(f) = -f**3 + 5*f**2 - 5*f - 1. Calculate n(l).
-5
Suppose 0 = 4*g - 3*i - 15, -g = -4*i - 4 - 3. Let x(s) = g + 2*s**2 + s**2 - 4*s - 2*s**2 + 3. Determine x(4).
6
Let r(z) be the first derivative of 5*z + 1/3*z**3 - 3*z**2 - 2. Let h be r(4). Let v(n) = -n**2 - 6*n - 1. Give v(h).
8
Let p be (-2 + 1 + 1)/2. Suppose p*r + 8 = 2*r. Let s(f) = -f + 5. Calculate s(r).
1
Let p = 66 + -58. Let k(y) = y - 4. What is k(p)?
4
Suppose 20 = -0*a + 5*a. Let g(o) = o**3 - 3*o**2 - 6*o + 2. What is g(a)?
-6
Let j(s) = -s + 4. Suppose 0 = -t - u + 4, -5*t - 2*u + 4 + 10 = 0. Let p = 5 + t. Calculate j(p).
-3
Let y(v) = -v**3 - 2*v**2 + v - 4. Let d be (-36)/10 + (-6)/15. Let l(w) be the first derivative of -w**3/3 - 2*w**2 - 3*w - 2. Let g be l(d). Determine y(g).
2
Let r(s) be the third derivative of -s**5/60 + s**4/6 + 4*s**3/3 - 5*s**2. Let p be r(6). Let v(l) = -l**2 - 4*l + 5. Give v(p).
5
Suppose 0 = -3*g - 72 + 78. Let l(k) = -7*k**3 + 9*k**2 - 2*k - 3. Let s(f) = -6*f**3 + 8*f**2 - 2*f - 2. Let w(r) = 5*l(r) - 6*s(r). Determine w(g).
-3
Let f(i) = i. Let l be f(-4). Let r be -1 - (-2)/2*0. Let w(c) = c + 1. Let t(p) = -6*p - 4. Let j(g) = r*t(g) - 4*w(g). Calculate j(l).
-8
Suppose t - 1 = -4. Let v(c) = c. Suppose 4*m + 0*q = -q + 21, 4*q = -2*m + 14. Let s(h) = 4*h + 1. Let a(k) = m*v(k) - s(k). Calculate a(t).
-4
Suppose 5*r = 4*a - 68, a = r + 2*a + 10. Let w be 4/(-14)*(r - -5). Let x(u) = -u**3 + 3*u**2 - 2*u + 2. Calculate x(w).
2
Let c(w) = w**3 + 21*w**2 - 45*w + 28. Let z be c(-23). Let f(m) = -m**3 + 6*m**2 - 5*m - 5. Calculate f(z).
-5
Let w = -51 + 52. Let n(p) = 2*p**2 - 10*p**2 - 3*p**2. Give n(w).
-11
Let w(f) = 4*f**3 - 2*f**2 + 2*f - 1. Let l be w(1). Let j(s) = s**2 + 3*s + 3. Let c be j(-3). Let o(z) = 5*z**2 - 2*z**3 + z**c - z - 4*z + 2. Give o(l).
5
Suppose -3*w + 12 = w. Let x(c) = -1 + 0 - 1 + w + c**2 - 4*c. Let j(g) = g + 1. Let a be j(4). What is x(a)?
6
Let p be (9 - 15)*(-4)/6. Let y(j) = j**3 - 4*j**2 - j - 1. Calculate y(p).
-5
Let y(d) = d**3 + d. Let t(x) = 3*x**3 - 6*x**2 - 7*x + 10. Let k(h) = t(h) - 2*y(h). Calculate k(7).
-4
Let i(t) = -t**3 + 5*t**2 - 2*t + 2. Let h(v) = -v - 2. Let z be h(-6). What is i(z)?
10
Let s(v) = 2*v - 9. Suppose 0 = -3*f - 2*f - 10. Let c(p) = p - 4. Let j(b) = f*s(b) + 5*c(b). What is j(2)?
0
Let b(y) = -5*y + 1. Let w be b(1). Let q(p) be the first derivative of p**3/3 + 2*p**2 + 4*p - 1. What is q(w)?
4
Let o(f) = -6*f + 1. Suppose -3*s + 2 = -s. What is o(s)?
-5
Let i(j) = j**3 + 10*j**2 + 8*j - 2. Let t be i(-9). Let v(y) = y**3 - 6*y**2 - 8*y + 5. Give v(t).
-2
Suppose 0 = 5*r - 38 + 8. Let s be (3/(-9))/((-2)/r). Let v(b) = 4*b**3 + b**2 - 2*b + 1. Give v(s).
4
Let x(r) be the second derivative of -1/10*r**5 - 1/6*r**3 + 0 + 1/12*r**4 - r + r**2. Let g(p) be the first derivative of x(p). Determine g(1).
-5
Let z(n) = 2*n**3 + 7*n**2 - n - 6. Let k(q) = -5*q**3 - 14*q**2 + 3*q + 11. Let o(f) = -3*k(f) - 7*z(f). Give o(7).
-5
Suppose 0 = -3*f + 5 + 1. Suppose